{"id":10437,"date":"2023-04-26T12:45:11","date_gmt":"2023-04-26T10:45:11","guid":{"rendered":"https:\/\/rabbitz.de\/?page_id=10437"},"modified":"2024-07-15T08:56:28","modified_gmt":"2024-07-15T06:56:28","slug":"green-marine","status":"publish","type":"page","link":"https:\/\/rabbitz.de\/de\/green-marine\/","title":{"rendered":"Green Marine"},"content":{"rendered":"<div class=\"spacer-big\"><\/div>\n<div class=\"newvideo\"><iframe loading=\"lazy\" src=\"https:\/\/player.vimeo.com\/video\/820832143?h=3ae7e8b2a9\" width=\"640\" height=\"360\" frameborder=\"0\" allow=\"autoplay; fullscreen; picture-in-picture\" allowfullscreen><\/iframe>\n<\/div>\n<div class=\"clear\"><\/div>\n<div class=\"references\">\n<h3>If the sea could talk Siemens Energy<\/h3>\n<h6>Siemens Energy<\/h6>\n<div class=\"spacer\"><\/div>\n<div class=\"content\">\n<p>Siemens Energy thinks about what the sea would say, if it could talk to us &#8211; and how we can help with decarbonization in the marine sector.<\/p>\n<div class=\"spacer-big\"><\/div>\n<div class=\"row\">\n<div class=\"col-md-6 left\">\n<strong>Production Co.<\/strong> RABBITZ Film<br \/>\n<strong>Agency:<\/strong> C\/O Daubenb\u00fcchel<br \/>\n<strong>Creative Director:<\/strong> Markus Daubenb\u00fcchel<br \/>\n<strong>Director:<\/strong> Martin St\u00fchrk, Mark Junker\n<\/div>\n<div class=\"col-md-6 left\">\n<strong>Producer:<\/strong> Marc Junker<br \/>\n<strong>DoP:<\/strong> diverse<br \/>\n<strong>Editor:<\/strong> Jana Hoffmann, Sebastian Kilinski\n<\/div>\n<\/div>\n<\/div>\n<div class=\"spacer-big\"><\/div>\n<div class=\"teaser-awards\">\n<h5>AWARDS<\/h5>\n<div class=\"row\">\n<div class=\"icon-award\"><\/div>\n<div class=\"col-md-4\">\n<h7>FESTIVAL<\/h7><br \/>\n2023 WorldMediaFestivals\n<\/div>\n<div class=\"col-md-4\">\n<h7>AWARD<\/h7><br \/>\nintermedia-globe GOLD\n<\/div>\n<div class=\"col-md-4\">\n<h7>KATEGORIE<\/h7><br \/>\nCorporate Communications: Green Innovations and Technologies\n<\/div>\n<div class=\"spacer\"><\/div>\n<div class=\"col-md-4\">\n<\/div>\n<\/div>\n<\/div>\n<\/div>\n<\/div>\n","protected":false},"excerpt":{"rendered":"If the sea could talk Siemens Energy Siemens Energy Siemens Energy thinks about what the sea would say, if it could talk to us &#8211; and how we can help with decarbonization in the marine sector. Production Co. RABBITZ Film Agency: C\/O Daubenb\u00fcchel Creative Director: Markus Daubenb\u00fcchel Director: Martin St\u00fchrk, Mark Junker Producer: Marc Junker [&hellip;]","protected":false},"author":2,"featured_media":0,"parent":0,"menu_order":0,"comment_status":"closed","ping_status":"closed","template":"","meta":{"footnotes":""},"class_list":["post-10437","page","type-page","status-publish","hentry"],"_links":{"self":[{"href":"https:\/\/rabbitz.de\/de\/wp-json\/wp\/v2\/pages\/10437","targetHints":{"allow":["GET"]}}],"collection":[{"href":"https:\/\/rabbitz.de\/de\/wp-json\/wp\/v2\/pages"}],"about":[{"href":"https:\/\/rabbitz.de\/de\/wp-json\/wp\/v2\/types\/page"}],"author":[{"embeddable":true,"href":"https:\/\/rabbitz.de\/de\/wp-json\/wp\/v2\/users\/2"}],"replies":[{"embeddable":true,"href":"https:\/\/rabbitz.de\/de\/wp-json\/wp\/v2\/comments?post=10437"}],"version-history":[{"count":4,"href":"https:\/\/rabbitz.de\/de\/wp-json\/wp\/v2\/pages\/10437\/revisions"}],"predecessor-version":[{"id":10548,"href":"https:\/\/rabbitz.de\/de\/wp-json\/wp\/v2\/pages\/10437\/revisions\/10548"}],"wp:attachment":[{"href":"https:\/\/rabbitz.de\/de\/wp-json\/wp\/v2\/media?parent=10437"}],"curies":[{"name":"wp","href":"https:\/\/api.w.org\/{rel}","templated":true}]}}

<div class="spacer-big"></div>
<div class="newvideo"><iframe loading="lazy" src="https://player.vimeo.com/video/820832143?h=3ae7e8b2a9" width="640" height="360" frameborder="0" allow="autoplay; fullscreen; picture-in-picture" allowfullscreen></iframe>
</div>
<div class="clear"></div>
<div class="references">
<h3>If the sea could talk Siemens Energy</h3>
<h6>Siemens Energy</h6>
<div class="spacer"></div>
<div class="content">
<p>Siemens Energy thinks about what the sea would say, if it could talk to us &#8211; and how we can help with decarbonization in the marine sector.</p>
<div class="spacer-big"></div>
<div class="row">
<div class="col-md-6 left">
<strong>Production Co.</strong> RABBITZ Film<br />
<strong>Agency:</strong> C/O Daubenbüchel<br />
<strong>Creative Director:</strong> Markus Daubenbüchel<br />
<strong>Director:</strong> Martin Stührk, Mark Junker
</div>
<div class="col-md-6 left">
<strong>Producer:</strong> Marc Junker<br />
<strong>DoP:</strong> diverse<br />
<strong>Editor:</strong> Jana Hoffmann, Sebastian Kilinski
</div>
</div>
</div>
<div class="spacer-big"></div>
<div class="teaser-awards">
<h5>AWARDS</h5>
<div class="row">
<div class="icon-award"></div>
<div class="col-md-4">
<h7>FESTIVAL</h7><br />
2023 WorldMediaFestivals
</div>
<div class="col-md-4">
<h7>AWARD</h7><br />
intermedia-globe GOLD
</div>
<div class="col-md-4">
<h7>KATEGORIE</h7><br />
Corporate Communications: Green Innovations and Technologies
</div>
<div class="spacer"></div>
<div class="col-md-4">
</div>
</div>
</div>
</div>
</div>

If the sea could talk Siemens Energy Siemens Energy Siemens Energy thinks about what the sea would say, if it could talk to us &#8211; and how we can help with decarbonization in the marine sector. Production Co. RABBITZ Film Agency: C/O Daubenbüchel Creative Director: Markus Daubenbüchel Director: Martin Stührk, Mark Junker Producer: Marc Junker [&hellip;]
